et c be l(-2). Suppose 0 = 3*q - 0*q - c. What is the units digit of q?
3
Suppose 8*o - 626 = 382. What is the tens digit of o?
2
Suppose 0 = 3*a + b + 7, 4*a + 2*b = -0*b - 12. Let o = -3 - a. What is the tens digit of (21 + 5)*(-1)/o?
1
Let i be (-3 - 14/(-4))*2. Let k(h) = 13*h**2 - 2*h + 1. What is the units digit of k(i)?
2
Let j = -1 + 1. Suppose 12 = -j*n - 3*n. Let l = n - -9. What is the units digit of l?
5
Let u(g) = -2 - 5*g + 7 + 17*g. What is the units digit of u(3)?
1
Suppose -110 = -9*f + 4*f. What is the units digit of f?
2
Suppose 70 = 4*v - 122. What is the units digit of v?
8
Let v(u) = -u - 4. Let z be v(-7). Suppose 0*k = k - z. What is the units digit of k?
3
Suppose -w = 2*k - 0*k - 46, 2*w = -5*k + 96. What is the units digit of w?
8
Let t(r) = -r**2 + 4*r + 5. Let v be t(5). Let u be -1*(0 - -1 - 6). Suppose -u*b + 3 + 2 = v. What is the units digit of b?
1
Let i be (3/4)/((-4)/(-16)). Let a(g) = g**3 + 3*g**2 - 4*g + 3. Let d be a(-4). Let j = i + d. What is the units digit of j?
6
Let z = -28 - -44. What is the units digit of z?
6
Suppose -6*r - 261 = -9*r. What is the tens digit of r?
8
What is the tens digit of (-3)/(3/(-113)*1)?
1
Let v(l) = -36*l. Let m be v(-1). Suppose -2*j + m = 2*j. What is the units digit of j?
9
Suppose c + c + 6 = 0. What is the units digit of 1/c*3 + 47?
6
What is the units digit of ((-42)/(-56))/((-2)/(-96))?
6
Suppose p + 51 = -0*p. Let d = -20 - p. What is the tens digit of d?
3
Let f(t) = 3*t + t - 3 - 5*t + 2*t. Let l be f(4). What is the units digit of 5/1*(0 + l)?
5
Suppose f = -f + 2*i + 276, 0 = -i - 1. What is the hundreds digit of f?
1
Let m(z) = -z. Let k be -5*2*(-2)/(-10). Let y be m(k). Suppose 3*x - y = 2*h, -h - 2 = -2*x - 0. What is the units digit of x?
2
Suppose -76 = -5*s - 3*a, -s + 10 = a - 4. What is the units digit of s?
7
Suppose 0 = 3*a - 4*a + 6. Suppose 3*r + r + 3 = c, 0 = 2*c + 2*r - a. What is the units digit of c?
3
Let c(l) = -l - 1. Let r be c(-1). Let j be (r + -2)/((-2)/5). Suppose -2*q = 3*q + 5, 0 = j*x + 5*q - 15. What is the units digit of x?
4
Suppose 3*z - 75 = 5*k, -25 = 3*k + 3*z + 44. Let i = -9 - k. What is the units digit of i?
9
Let m(d) = 51*d**3 + d**2. What is the tens digit of m(1)?
5
Let g(j) = -j**3 - 5*j**2 + 6*j - 1. Let v be g(-6). Let m(s) = -5*s**3 + s + 1. Let c be m(v). Suppose r = c*r - 28. What is the units digit of r?
7
Let g(z) = 30*z**2 + 2*z. Let f be g(-2). Suppose 5*o + 3*q = f - 6, 0 = -q + 5. What is the tens digit of o?
1
What is the tens digit of 12/(-36) + (-428)/(-6)?
7
Let q be 10/(-45) + (-4)/(-18). Let b = q - -31. Suppose -2*m + 9 = -b. What is the units digit of m?
0
Let i(z) = 7*z. Let p be i(1). Suppose -2*j - 20 = -p*j. Suppose 4*c = -j*x + 8, -2*c = -4*c - 10. What is the units digit of x?
7
What is the hundreds digit of (-25)/(-3 + 8) - -168?
1
Let s = -56 + 30. Let r = s - -48. What is the units digit of r?
2
Suppose 2*r - 9 = -5*o - 0*r, -2*o + 4 = r. What is the units digit of 78/12*(1 + o)?
3
Let v be 0*3/(-6)*2. Suppose 3*s + 2*t - 35 = -2*s, 4*s + 3*t - 35 = v. What is the units digit of s?
5
Suppose -2*y - 3*y = 0. Let i = 4 + y. Let b = 6 + i. What is the units digit of b?
0
Let g = 10 + -7. Suppose -g*n - 11 = -2*j, 5*n - 4 = 1. What is the units digit of j?
7
Let h(o) = 14*o**2 - o + 1. What is the tens digit of h(1)?
1
Let x = 688 + -483. What is the hundreds digit of x?
2
Suppose -3*h = -115 - 11. What is the tens digit of h?
4
Let l(i) = -i**2 - 9*i + 5. Let v(c) = c**3 - c**2 - 2. Let g be v(2). Suppose 30 - g = -4*m. What is the tens digit of l(m)?
1
Suppose -5*c + 1 = 6. What is the tens digit of -4 - 6/c - -42?
4
Let w(s) = 3*s. Let i(j) = 4*j. Let a be 3/((-15)/6 + 1). Let f(n) = a*i(n) + 3*w(n). What is the units digit of f(3)?
3
Suppose n - 14 = 1. Suppose 5*u + 35 = n. What is the units digit of 1*(u/(-2) + 7)?
9
What is the tens digit of 1378/10 + 4/80*4?
3
Let s(q) = 63*q**3 + 2*q - 1. What is the tens digit of s(1)?
6
Let g = 5 - 2. Let m be 5/((-10)/(-16)) + 1. What is the units digit of (g/m)/((-1)/(-21))?
7
Let c = 66 + -36. Suppose -v - c = -6*v. What is the units digit of v?
6
Let u be (-20)/(-8)*8/5. Suppose 44 = u*a - 5*s, 3*s = -10 - 2. What is the units digit of a?
6
Let q = -20 - -12. What is the tens digit of (-4)/q*5*8?
2
What is the tens digit of 1 - (-3 + 3) - -51?
5
Let r(p) be the second derivative of p**5/60 + p**4/8 - 7*p**3/6 + 3*p**2/2 + 3*p. Let t(g) be the first derivative of r(g). What is the units digit of t(-5)?
3
Let j = -1 + 4. Let y = j - 1. What is the units digit of y/3 + (-7)/(-21)?
1
Suppose -h + 5*u = 1, h = -2*u - 2*u + 17. What is the units digit of h?
9
Suppose 0 = -0*j - 2*j + 3*d + 37, -5*j + 55 = 5*d. Let m = j - 8. What is the units digit of m?
6
Suppose 16*f = 14*f + 72. What is the units digit of f?
6
Let n(x) = x**2 + 2. Suppose -z - 6*t + 5 = -t, 3*z - 5*t = -25. Let m = -2 - z. What is the units digit of n(m)?
1
Let g(b) = b**2 + 12*b - 33. What is the hundreds digit of g(-20)?
1
Let q(s) = -s. Let y be q(-6). Suppose 2*h = 4*h - y. What is the units digit of h?
3
What is the units digit of (-604)/(-10) - 15/(-25)?
1
Let p be -2 - 4/(-1 - 1). What is the units digit of 3 + (-2 - p/2)?
1
Let c(z) = 4*z - 12. Let h be c(6). Let o(q) = -q**3 + 12*q**2 + 2*q - 1. What is the tens digit of o(h)?
2
What is the tens digit of ((-1)/3 - (-380)/57)*3?
1
Suppose 81 = 6*o - 87. What is the units digit of o?
8
Suppose 5*a = -2*l - 3*l + 1625, -5*l = 4*a - 1625. What is the hundreds digit of l?
3
Let f(z) = 7*z. Let j(y) = y**2 - 7*y + 9. Let h be j(6). Suppose h*p = -0*p + 3. What is the units digit of f(p)?
7
Suppose 15 = 2*x - 7. What is the units digit of x?
1
Suppose 1 + 5 = -o + 4*g, -9 = -3*o + 3*g. Let z = 7 - o. What is the units digit of z?
1
Let k be (-1 - 4/(-8))*-8. Suppose 0 = -k*v + v + 3. What is the units digit of v?
1
Suppose 0 = w - 5*w + 120. What is the units digit of w?
0
Let u(j) = -j**2 - 4*j + 2. Let w be u(-3). Let a be ((-2)/(-4))/((-13)/(-104)). Suppose s = a*h - 6 - 2, w*h - 52 = -4*s. What is the units digit of s?
8
Suppose -8 = -0*j + 2*j. Let n = j + 20. What is the tens digit of n?
1
Let z = -28 + 108. What is the units digit of z?
0
Let z(n) = -4*n**3 - n**2. Let r be z(-1). Suppose 2*m = 4*j - 14, r*m + 2*j + 11 = 2*m. What is the units digit of -15*(-2 - 15/m)?
5
Let z(b) = -b - 5. Let n be z(-8). Let h be ((-10)/(-3) - n)*-9. Let k = 0 - h. What is the units digit of k?
3
Let d = 201 + 63. What is the hundreds digit of d?
2
Let d(y) = -y**3 - 3*y**2 - 9. What is the tens digit of d(-6)?
9
Let u(t) = -9*t + 2. Let s(d) = -1. Let o(r) = -1. Let q(k) = o(k) - 2*s(k). Let i(j) = -q(j) + u(j). What is the units digit of i(-1)?
0
What is the units digit of ((-570)/(-8) - 0)/((-42)/(-112))?
0
Suppose j - 2*v = 25 + 19, -3*j - v = -125. What is the units digit of j?
2
Let w(x) = 10*x**2 - 4*x - 5. What is the tens digit of w(-2)?
4
What is the tens digit of 24/30 + 632/10?
6
Let z = -67 - -104. What is the units digit of z?
7
Let k(u) = 4*u + 11. Suppose 0*s + 38 = 3*z + 5*s, 4*s = 16. What is the units digit of k(z)?
5
What is the tens digit of -1 + 29 - (-10 + 9)?
2
Let n = 2 + 12. What is the tens digit of ((-120)/35)/((-2)/n)?
2
Suppose 0 = p + 8 - 65. What is the tens digit of p?
5
Let q = 29 + 9. Let d = -14 + q. What is the units digit of d?
4
Suppose -2*k - 2*b + 32 + 74 = 0, -4*k - 2*b = -220. What is the units digit of k?
7
Let g(y) = 38*y - 48. What is the tens digit of g(6)?
8
Suppose 0 = -5*n - p - 9, 0 = -5*n - 2*p + 4*p + 3. What is the units digit of (n/3)/(4/(-36))?
3
Let c(v) = 24*v**2 - 1. Let z be c(1). Suppose 5*h = 3*l - l + z, -l = 2*h - 2. Suppose 3 = 4*d + n, 5*d + h*n + n - 1 = 0. What is the units digit of d?
1
Let b = -11 + 15. Suppose b = 3*s - 11. What is the units digit of 0 - 2/(-1)*s?
0
Let y = -16 + 107. What is the units digit of y?
1
Suppose 13*p - 1543 = -22. What is the units digit of p?
7
Let d(m) = 4*m**3 - m**2. Let r be d(1). Suppose -r*z - 145 = -8*z. What is the tens digit of z?
2
Let d(f) = f**2 + 6*f + 2. Let q be d(-6). Suppose 3*h + h - 2 = 5*c, -2*h = -q*c - 2. Suppose -h*a - 2*a + 20 = k, 5*k = -5*a. What is the units digit of a?
5
Suppose -g - 1 = -4. Suppose 3*o = i